378223 composite?
False
Is 18301 composite?
False
Is 343891 a prime number?
True
Is 4105 a prime number?
False
Is 44801 composite?
True
Is 16249 a prime number?
True
Is 1847 prime?
True
Is 173347 composite?
False
Is 234538 a composite number?
True
Is 8189 a composite number?
True
Is 34007 a prime number?
False
Is 397999 a prime number?
False
Is 1403 prime?
False
Is 578917 composite?
False
Is 73721 prime?
True
Is 46957 composite?
False
Is 8929 composite?
False
Is 16181 a prime number?
False
Is 2081 a prime number?
True
Is 208617 a composite number?
True
Is 48683 prime?
False
Is 4989 prime?
False
Is 113743 prime?
False
Is 389867 a prime number?
True
Is 14503 composite?
False
Is 74 a prime number?
False
Is 63373 a prime number?
False
Is 6547 prime?
True
Is 92021 composite?
True
Is 14923 composite?
False
Is 21313 a prime number?
True
Is 444791 composite?
False
Is 30437 a composite number?
True
Is 7993 prime?
True
Is 230973 a prime number?
False
Is 25793 prime?
True
Is 8105 a composite number?
True
Is 14741 prime?
True
Is 341057 a prime number?
True
Is 19457 a prime number?
True
Is 830527 composite?
True
Is 68567 a composite number?
False
Is 12197 composite?
False
Is 284101 a prime number?
False
Is 316993 composite?
True
Is 81337 a composite number?
True
Is 564089 a composite number?
False
Is 27185 composite?
True
Is 818143 prime?
True
Is 42683 prime?
True
Is 526807 prime?
False
Is 22535 composite?
True
Is 325861 a prime number?
True
Is 47999 a prime number?
False
Is 19739 a prime number?
True
Is 92233 composite?
False
Is 1345531 composite?
True
Is 104435 composite?
True
Is 40805 composite?
True
Is 316859 prime?
True
Is 8887 a prime number?
True
Is 5155 prime?
False
Is 89153 composite?
False
Is 17957 a prime number?
True
Is 25733 a composite number?
False
Is 34123 prime?
True
Is 210191 a prime number?
True
Is 33541 composite?
True
Is 115937 composite?
True
Is 290939 a composite number?
True
Is 72749 a prime number?
False
Is 94273 prime?
True
Is 3739781 a composite number?
True
Is 319 a prime number?
False
Is 42751 a composite number?
False
Is 9895 a composite number?
True
Is 641059 a prime number?
False
Is 33679 prime?
True
Is 6289 a prime number?
False
Is 518615 prime?
False
Is 2594 composite?
True
Is 400649 a prime number?
False
Is 3271 a prime number?
True
Is 1935257 prime?
False
Is 143729 composite?
False
Is 6739 prime?
False
Is 31351 prime?
False
Is 6326 a composite number?
True
Is 820969 a prime number?
True
Is 127787 prime?
False
Is 190973 prime?
False
Is 24263 prime?
False
Is 63277 composite?
False
Is 18453 a composite number?
True
Is 19707 a prime number?
False
Is 7807 a prime number?
False
Is 2743 prime?
False
Is 4489 a prime number?
False
Is 10639 a composite number?
False
Is 6163 composite?
False
Is 4771 composite?
True
Is 9019 a prime number?
False
Is 98843 a prime number?
False
Is 3221 prime?
True
Is 64021 a prime number?
False
Is 65749 a prime number?
False
Is 146711 a prime number?
False
Is 419 a composite number?
False
Is 26801 a prime number?
True
Is 38177 a prime number?
True
Is 20849 a composite number?
False
Is 16355 a composite number?
True
Is 3011 a composite number?
False
Is 15467 composite?
False
Is 141509 prime?
True
Is 299903 a composite number?
False
Is 1187 composite?
False
Is 449951 a composite number?
False
Is 55585 composite?
True
Is 44411 composite?
True
Is 22399 prime?
False
Is 1680077 a composite number?
True
Is 9181 a composite number?
False
Is 6687757 a composite number?
False
Is 187547 a prime number?
True
Is 3041 a prime number?
True
Is 2273911 composite?
False
Is 414601 prime?
False
Is 2039071 prime?
True
Is 2509589 composite?
True
Is 136061 prime?
False
Is 54907 a composite number?
False
Is 48731 composite?
False
Is 301655 a prime number?
False
Is 1612855 a prime number?
False
Is 3005 a prime number?
False
Is 832451 a composite number?
False
Is 5489 a composite number?
True
Is 258079 composite?
True
Is 144767 composite?
True
Is 251555 prime?
False
Is 9311 prime?
True
Is 291253 prime?
True
Is 2453 prime?
False
Is 49613 a prime number?
True
Is 13621 a composite number?
True
Is 789941 composite?
False
Is 1532473 composite?
True
Is 35791 a composite number?
True
Is 1543 a prime number?
True
Is 625323 prime?
False
Is 147311 a composite number?
False
Is 433847 a prime number?
True
Is 10553 prime?
False
Is 22307 composite?
False
Is 7729 composite?
True
Is 183343 a prime number?
True
Is 34907 a prime number?
False
Is 1652411 a composite number?
True
Is 35311 composite?
False
Is 3877 a composite number?
False
Is 226547 a composite number?
False
Is 512403 composite?
True
Is 242401 a composite number?
True
Is 30737 a composite number?
True
Is 6049 a composite number?
True
Is 3707 prime?
False
Is 24314 composite?
True
Is 14159 prime?
True
Is 28327 prime?
False
Is 23099 a composite number?
False
Is 414301 a prime number?
False
Is 2710057 prime?
False
Is 109001 prime?
True
Is 19553 a composite number?
False
Is 443 a composite number?
False
Is 2129 a prime number?
True
Is 35311 a prime number?
True
Is 17707 prime?
True
Is 76031 a composite number?
False
Is 24907 composite?
False
Is 328037 prime?
True
Is 4959877 prime?
False
Is 47279 prime?
True
Is 44493 prime?
False
Is 4703 prime?
True
Is 37721 composite?
True
Is 3271 composite?
False
Is 10211 prime?
True
Is 86647 a composite number?
True
Is 10937 prime?
True
Is 571589 a composite number?
False
Is 53683 a prime number?
False
Is 186671 prime?
True
Is 58 a composite number?
True
Is 283303 a prime number?
True
Is 628379 a prime number?
True
Is 15109 a prime number?
False
Is 14909 composite?
True
Is 15223 a composite number?
True
Is 34057 a prime number?
True
Is 6353 a composite number?
False
Is 1414381 a composite number?
False
Is 73669 a prime number?
False
Is 105929 a prime number?
True
Is 50062 a prime number?
False
Is 50359 prime?
True
Is 270737 composite?
False
Is 72421 a composite number?
False
Is 270941 composite?
True
Is 57457 a composite number?
False
Is 4735 composite?
True
Is 17443 a prime number?
True
Is 19563 a composite number?
True
Is 4721 a composite number?
False
Is 62011 a prime number?
True
Is 208885 a composite number?
True
Is 89 a composite number?
False
Is 1014583 a prime number?
False
Is 594617 composite?
False
Is 15679 composite?
False
Is 28247 prime?
False
Is 274337 a composite number?
True
Is 2208559 composite?
False
Is 114827 prime?
True
Is 54181 composite?
False
Is 2333 a composite number?
False
Is 10537 prime?
False
Is 288829 prime?
False
Is 2810177 a prime number?
False
Is 21991 a prime number?
True
Is 2813 prime?
False
Is 28139 composite?
True
Is 14435 a composite number?
True
Is 20921 composite?
False
Is 20959 prime?
True
Is 75109 prime?
True
Is 23137 prime?
False
Is 130387 composite?
True
Is 34061 prime?
True
Is 103195 a composite number?
True
Is 339217 prime?
False
Is 21121 composite?
False
Is 174877 prime?
True
Is 89561 a composite number?
False
Is 979 a prime number?
False
Is 58781 a prime number?
False
Is 44839 composite?
False
Is 248851 a composite number?
False
Is 158303 composite?
False
Is 1777 composite?
False
Is 30289 prime?
False
Is 38593 prime?
True
Is 10667 a composite number?
False
Is 10847 prime?
True
Is 87778 a prime number?
False
Is 15557 a composite number?
True
Is 1639 composite?
True
Is 5403 composite?
True
Is 748745 composite?
True
Is 24935 prime?
False
Is 430503 a composite number?
True
Is 2071 composite?
True
Is 8269 composite?
False
Is 102439 a prime number?
False
Is 19237 composite?
False
Is 30021 a composite number?
True
Is 801883 prime?
True
Is 3029 a prime number?
False
Is 317227 a composite number?
False
Is 1733 prime?
True
Is 103837 a composite number?
False
Is 753513 a composite number?
True
Is 34 composite?
True
Is 109037 a prime number?
True
Is 235577 composite?
False
Is 136907 prime?
False
Is 40259 composite?
True
Is 1151 a prime number?
True
Is 93523 a composite number?
False
Is 97517 prime?
False
Is 4703 prime?
True
Is 88289 a prime number?
True
Is 4421 composite?
False
Is 3377161 a composite number?
False
Is 6607 prime?
True
Is 30949 composite?
False
Is 19263 a composite number?
True
Is 15859 a prime number?
True
Is 177001 composite?
True
Is 10061 composite?
False
Is 2611 a composite number?
True
Is 134